{"id":1708,"date":"2024-02-16T10:20:37","date_gmt":"2024-02-16T10:20:37","guid":{"rendered":"https:\/\/eb23caiderei.pt\/cienciaviva\/?post_type=product&#038;p=1708"},"modified":"2024-02-16T10:26:27","modified_gmt":"2024-02-16T10:26:27","slug":"azulejo-plastico","status":"publish","type":"product","link":"https:\/\/eb23caiderei.pt\/cienciaviva\/produto\/azulejo-plastico\/","title":{"rendered":"Azulejo pl\u00e1stico"},"content":{"rendered":"<p style=\"text-align: justify;\">Os azulejos constru\u00eddos com pl\u00e1stico reciclado s\u00e3o uma op\u00e7\u00e3o inovadora e sustent\u00e1vel no campo da constru\u00e7\u00e3o e design de interiores. Esses azulejos s\u00e3o constru\u00eddos utilizando pl\u00e1stico reciclado, que pode ser proveniente de diversas fontes, como garrafas de \u00e1gua, embalagens de alimentos ou outros produtos pl\u00e1sticos descartados, que foram recolhidas pela comunidade escolar.<\/p>\n","protected":false},"excerpt":{"rendered":"<p style=\"text-align: justify;\">A fabrica\u00e7\u00e3o de azulejos com pl\u00e1stico reciclado oferece v\u00e1rias vantagens ambientais e econ\u00f3micas.<\/p>\n","protected":false},"featured_media":1710,"comment_status":"closed","ping_status":"closed","template":"","meta":[],"product_cat":[41],"product_tag":[42],"class_list":{"0":"post-1708","1":"product","2":"type-product","3":"status-publish","4":"has-post-thumbnail","6":"product_cat-painel","7":"product_tag-azulejo","9":"first","10":"instock","11":"taxable","12":"shipping-taxable","13":"purchasable","14":"product-type-variable"},"jetpack_sharing_enabled":true,"_links":{"self":[{"href":"https:\/\/eb23caiderei.pt\/cienciaviva\/wp-json\/wp\/v2\/product\/1708","targetHints":{"allow":["GET"]}}],"collection":[{"href":"https:\/\/eb23caiderei.pt\/cienciaviva\/wp-json\/wp\/v2\/product"}],"about":[{"href":"https:\/\/eb23caiderei.pt\/cienciaviva\/wp-json\/wp\/v2\/types\/product"}],"replies":[{"embeddable":true,"href":"https:\/\/eb23caiderei.pt\/cienciaviva\/wp-json\/wp\/v2\/comments?post=1708"}],"wp:featuredmedia":[{"embeddable":true,"href":"https:\/\/eb23caiderei.pt\/cienciaviva\/wp-json\/wp\/v2\/media\/1710"}],"wp:attachment":[{"href":"https:\/\/eb23caiderei.pt\/cienciaviva\/wp-json\/wp\/v2\/media?parent=1708"}],"wp:term":[{"taxonomy":"product_cat","embeddable":true,"href":"https:\/\/eb23caiderei.pt\/cienciaviva\/wp-json\/wp\/v2\/product_cat?post=1708"},{"taxonomy":"product_tag","embeddable":true,"href":"https:\/\/eb23caiderei.pt\/cienciaviva\/wp-json\/wp\/v2\/product_tag?post=1708"}],"curies":[{"name":"wp","href":"https:\/\/api.w.org\/{rel}","templated":true}]}}